-30c0
In base 13, what is 1 + 18790?
18791
In base 2, what is 111110100010100111 + -11?
111110100010100100
In base 14, what is 1bc58 + 2?
1bc5a
In base 2, what is 1111011 + -101100110011?
-101010111000
In base 11, what is 1 + 16293?
16294
In base 5, what is -4 - -112420?
112411
In base 15, what is c3 + 79c?
870
In base 7, what is 62006 + 10?
62016
In base 2, what is -1011000011110010 - -100101?
-1011000011001101
In base 14, what is -947 + -17c9?
-2332
In base 8, what is 417 - -15247?
15666
In base 11, what is -4741 - -330?
-4411
In base 2, what is 111011001110110 - 10?
111011001110100
In base 14, what is 8201 + -4?
81db
In base 14, what is -315 - -1a?
-2d9
In base 12, what is 43238 + -5?
43233
In base 16, what is 18e - -a4?
232
In base 11, what is -5a6 + 486?
-120
In base 13, what is 2 - 637c1?
-637bc
In base 8, what is -2557 - -373?
-2164
In base 12, what is -4 + 628982?
62897a
In base 7, what is 204 + 4065?
4302
In base 6, what is -54300444 + 1?
-54300443
In base 9, what is -20432 + 38?
-20383
In base 15, what is 1 - 7e69d?
-7e69c
In base 6, what is 5 + 14515031?
14515040
In base 10, what is 0 + 91078?
91078
In base 6, what is 3 + -10031434?
-10031431
In base 6, what is -2 - 212322?
-212324
In base 6, what is -2144 - 10231?
-12415
In base 11, what is 9 + -158?
-14a
In base 13, what is -3a56 + 262?
-37c4
In base 8, what is -257006 + 0?
-257006
In base 8, what is -26 + 14354?
14326
In base 7, what is 1 + -51412?
-51411
In base 2, what is 10 + -100000101001001101?
-100000101001001011
In base 5, what is -132014400 - 10?
-132014410
In base 8, what is -1117 - 243?
-1362
In base 7, what is -25221 - 5?
-25226
In base 9, what is 5 - 245006?
-245001
In base 8, what is 1 + 42715?
42716
In base 10, what is 13619 - 25?
13594
In base 9, what is -17726 - -45?
-17671
In base 5, what is -4 - 20202312?
-20202321
In base 7, what is 4350 + 10?
4360
In base 7, what is -445 - 10226?
-11004
In base 2, what is -11000100110100000001 + -11?
-11000100110100000100
In base 8, what is 24 + -10530?
-10504
In base 16, what is 5 - 3561?
-355c
In base 6, what is 10252040 + 3?
10252043
In base 11, what is 0 + 10940?
10940
In base 3, what is -101 - 22220022?
-22220200
In base 6, what is -25 + -13335?
-13404
In base 7, what is -524456 + 5?
-524451
In base 14, what is -1c5 - -21?
-1a4
In base 12, what is -5 + -40014?
-40019
In base 7, what is 21561 - -56?
21650
In base 12, what is 2 - 81056?
-81054
In base 5, what is -10 + -324410?
-324420
In base 4, what is 100 + 31200202?
31200302
In base 11, what is -406 - -46?
-370
In base 11, what is -541214 - -4?
-541210
In base 12, what is 12aab + -4?
12aa7
In base 5, what is 11 + -30310?
-30244
In base 14, what is 0 - 1934?
-1934
In base 12, what is -baab2 + -1?
-baab3
In base 5, what is 2334 - 21034?
-13200
In base 13, what is 3733c98 - -5?
3733ca0
In base 7, what is 1601 - -33?
1634
In base 2, what is -10000110111011101100 + 1?
-10000110111011101011
In base 16, what is 3 - -efee1?
efee4
In base 2, what is -1011110000101 + 110?
-1011101111111
In base 5, what is -4 + -4140?
-4144
In base 15, what is 1a + -2032?
-2017
In base 8, what is -1344733 + 5?
-1344726
In base 8, what is 2442 + -557?
1663
In base 15, what is d + -8b6?
-8a8
In base 5, what is -10 - -3100020?
3100010
In base 11, what is 10708 - -27?
10734
In base 10, what is -1 + -261299?
-261300
In base 13, what is 1384b9 + 3?
1384bc
In base 12, what is 115 + -114?
1
In base 15, what is -5 + -1289?
-128e
In base 15, what is -43529 + 2?
-43527
In base 16, what is 1 + -c61a?
-c619
In base 7, what is -43056 + 650?
-42106
In base 3, what is 1220021 + 2102?
1222200
In base 7, what is -15411 - 23?
-15434
In base 5, what is -41140230 + 2?
-41140223
In base 4, what is -30020201 + -10?
-30020211
In base 2, what is -101001011111101 + 10110?
-101001011100111
In base 6, what is 1552441 - 13?
1552424
In base 11, what is -377707 - 1?
-377708
In base 3, what is -111 - -110021021?
110020210
In base 16, what is 5 + 3a31?
3a36
In base 11, what is 1a1 - -247?
438
In base 9, what is -1172 + -262?
-1444
In base 16, what is 9 + 232?
23b
In base 16, what is 243 + -16?
22d
In base 16, what is -1 - -2612?
2611
In base 8, what is -7732 + -37?
-7771
In base 9, what is 32688 + -4?
32684
In base 7, what is -44533 + 22?
-44511
In base 6, what is -11100014 - 14?
-11100032
In base 9, what is -1 - 312731?
-312732
In base 13, what is 3 + 6167b?
61681
In base 4, what is 3 - -13310203?
13310212
In base 8, what is -63375 + 171?
-63204
In base 4, what is -201102101 - 3?
-201102110
In base 13, what is -1534 + 5?
-152c
In base 7, what is 601 - -114?
1015
In base 16, what is -b - -5032?
5027
In base 13, what is 38817 + 2?
38819
In base 15, what is 3 - -27be4?
27be7
In base 10, what is -1181 + 19?
-1162
In base 5, what is 2 - 1042102?
-1042100
In base 9, what is 10076 - -11?
10087
In base 11, what is 46a997 + 4?
46a9a0
In base 6, what is -113312 - 10?
-113322
In base 13, what is b + -157b?
-1570
In base 6, what is -5 - -315?
310
In base 11, what is -22906 + 9a?
-22817
In base 6, what is -215405 + -1?
-215410
In base 5, what is -10 + 200424143?
200424133
In base 2, what is -10001 - 1000101101011?
-1000101111100
In base 14, what is 24 - 4d409?
-4d3c5
In base 6, what is 5 + -54114?
-54105
In base 4, what is 110 - -102200?
102310
In base 4, what is -33023202 - -12?
-33023130
In base 7, what is -4 - -1351255?
1351251
In base 10, what is -4 - 4762?
-4766
In base 5, what is -3 + -434022334?
-434022342
In base 12, what is -1ab3a + -6?
-1ab44
In base 3, what is 110212 - -1012112?
1200101
In base 14, what is 4 + 1207d?
12083
In base 9, what is -10117 - -2?
-10115
In base 6, what is 13014305 + 1?
13014310
In base 13, what is -bc6 - 3c2?
-12b8
In base 12, what is -2 - -684ba?
684b8
In base 14, what is -7375b - 2?
-7375d
In base 10, what is -14169 - 9?
-14178
In base 10, what is 11822 - 5?
11817
In base 10, what is -957859 + -1?
-957860
In base 5, what is 4201313 + -123?
4201140
In base 6, what is -3413 - -4?
-3405
In base 6, what is 24135 + -1?
24134
In base 13, what is -106 - -35c?
256
In base 6, what is -32113145 + 5?
-32113140
In base 5, what is -32 + -21432?
-22014
In base 11, what is -7810 - 2?
-7812
In base 16, what is 20b - 755?
-54a
In base 7, what is -3460 - 2510?
-6300
In base 4, what is -3 + 3203010220?
3203010211
In base 8, what is 3 + -327533?
-327530
In base 11, what is 0 + -9671?
-9671
In base 10, what is 22 + 130?
152
In base 3, what is 10 + 102022102?
102022112
In base 14, what is 4ac398 - 1?
4ac397
In base 4, what is 113 - 100231?
-100112
In base 4, what is -21 - 231?
-312
In base 11, what is -66 - 1424?
-148a
In base 13, what is -3 - -146121?
14611b
In base 7, what is -251 - -1131?
550
In base 11, what is 9 - -1095?
10a3
In base 14, what is -2 + -21c572?
-21c574
In base 8, what is -214 + -60?
-274
In base 6, what is 3 + 250534?
250541
In base 14, what is -248 + c7d?
a35
In base 11, what is 106 + 12359?
12464
In base 5, what is -1010114 - 10?
-1010124
In base 14, what is 56 + -56?
0
In base 10, what is -16 + 726?
710
In base 2, what is 100 - -10101001010011110?
10101001010100010
In base 3, what is -1002 + -2220?
-10222
In base 8, what is -254053 + 1?
-254052
In base 11, what is 25002 + 13a?
25141
In base 15, what is -4d6 - -13?
-4c3
In base 16, what is -8 + 5ac?
5a4
In base 7, what is 1455 - -5502?
10260
In base 16, what is 24702d - -1?
24702e
In base 16, what is -4ff8 + 0?
-4ff8
In base 12, what is -66b01 - 3?
-66b04
In base 10, what is -3 + 11881?
11878
In base 14, what is -103 - -1178?
1075
In base 5, what is -2234 + 241?
-1443
In base 3, what is -12210 - -10212110?
10122200
In base 7, what is 142423 - -5?
142431
In base 10, what is 574383 + -3?
574380
In base 10, what is -26 - 16223?
-16249
In base 7, what is 41 - -12121?
12162
In base 9, what is -185 + -13748?
-14044
In base 5, what is -102 + 1424313?
1424211
In base 10, what is -21 + -1146?
-1167
In base 12, what is -4 + 0?
-4
In base 15, what is -23 - 1a8?
-1cb
In base 10, what is 1693 + 14?
1707
In base 10, what is 180 - -36?
216
In base 5, what is -4003202 + 2?
-4003200
In base 7, what is 150 - -1122?
1302
In base 11, what is 26 + -a43?
-a18
In base 13, what is -1 - 2b5026?
-2b5027
In base 12, what is 6456 - -6?
6460
In base 2, what is 10100000110010 - 1